{"id":1092,"date":"2020-10-19T14:10:35","date_gmt":"2020-10-19T12:10:35","guid":{"rendered":"http:\/\/blidor-webshop-staging.ch.merlin.ch-meta.net\/shop\/import-placeholder-for-1600\/"},"modified":"2025-05-27T12:22:37","modified_gmt":"2025-05-27T10:22:37","slug":"creme-de-jour-trefle-des-pres","status":"publish","type":"product","link":"https:\/\/blidor.ch\/fr\/webshop\/tagescreme-gluecksklee\/","title":{"rendered":"Cr\u00e8me de jour Tr\u00e8fle \u00e0 quatre feuilles"},"content":{"rendered":"<h2>Harmonisant et revitalisant - Cr\u00e8me de jour au tr\u00e8fle porte-bonheur<\/h2>\n<p>Cette cr\u00e8me hydratante et l\u00e9g\u00e8re \u00e0 l'huile v\u00e9g\u00e9tale naturelle p\u00e9n\u00e8tre rapidement et prend soin de notre peau sans l'alourdir. La vitamine A pure et les pr\u00e9cieuses essences de tr\u00e8fle rouge ont un effet harmonisant et renforcent les d\u00e9fenses naturelles de la peau. Elle est sensiblement plus souple et plus douce au toucher.<\/p>\n<h2>Acheter des cosm\u00e9tiques naturels<\/h2>\n<p>Les extraits de plantes bio utilis\u00e9s sont certifi\u00e9s EcoControl.<\/p>\n<p><strong>Remarque :<\/strong>\u00a0Commandez la cr\u00e8me de jour et la cr\u00e8me de nuit Tr\u00e8fle \u00e0 quatre feuilles dans un set avantageux.<\/p>\n<p><em><b><strong>\u00a0<\/strong><\/b><\/em><\/p>\n<p class=\"bodytext\"><em>\u00a0<\/em><\/p>","protected":false},"excerpt":{"rendered":"<p>La cr\u00e8me de jour au tr\u00e8fle porte-bonheur est une cr\u00e8me hydratante et l\u00e9g\u00e8re \u00e0 base d'huile v\u00e9g\u00e9tale naturelle. Elle est rapidement absorb\u00e9e et les diff\u00e9rents ingr\u00e9dients vitalisants renforcent la r\u00e9sistance de la peau.<\/p>","protected":false},"featured_media":1512,"comment_status":"open","ping_status":"closed","template":"","meta":[],"product_brand":[],"product_cat":[31,30],"product_tag":[790,781,56,789,791],"class_list":{"0":"post-1092","1":"product","2":"type-product","3":"status-publish","4":"has-post-thumbnail","6":"product_cat-gesicht","7":"product_cat-kosmetik","8":"product_tag-gluecksklee","9":"product_tag-harmonisierend","10":"product_tag-kosmetik-gluecksklee","11":"product_tag-tagescreme","12":"product_tag-vitalisierend","14":"first","15":"outofstock","16":"taxable","17":"shipping-taxable","18":"product-type-variable","19":"has-default-attributes"},"_links":{"self":[{"href":"https:\/\/blidor.ch\/fr\/wp-json\/wp\/v2\/product\/1092","targetHints":{"allow":["GET"]}}],"collection":[{"href":"https:\/\/blidor.ch\/fr\/wp-json\/wp\/v2\/product"}],"about":[{"href":"https:\/\/blidor.ch\/fr\/wp-json\/wp\/v2\/types\/product"}],"replies":[{"embeddable":true,"href":"https:\/\/blidor.ch\/fr\/wp-json\/wp\/v2\/comments?post=1092"}],"version-history":[{"count":1,"href":"https:\/\/blidor.ch\/fr\/wp-json\/wp\/v2\/product\/1092\/revisions"}],"predecessor-version":[{"id":21116,"href":"https:\/\/blidor.ch\/fr\/wp-json\/wp\/v2\/product\/1092\/revisions\/21116"}],"wp:featuredmedia":[{"embeddable":true,"href":"https:\/\/blidor.ch\/fr\/wp-json\/wp\/v2\/media\/1512"}],"wp:attachment":[{"href":"https:\/\/blidor.ch\/fr\/wp-json\/wp\/v2\/media?parent=1092"}],"wp:term":[{"taxonomy":"product_brand","embeddable":true,"href":"https:\/\/blidor.ch\/fr\/wp-json\/wp\/v2\/product_brand?post=1092"},{"taxonomy":"product_cat","embeddable":true,"href":"https:\/\/blidor.ch\/fr\/wp-json\/wp\/v2\/product_cat?post=1092"},{"taxonomy":"product_tag","embeddable":true,"href":"https:\/\/blidor.ch\/fr\/wp-json\/wp\/v2\/product_tag?post=1092"}],"curies":[{"name":"wp","href":"https:\/\/api.w.org\/{rel}","templated":true}]}}

Crème de jour Trèfle à quatre feuilles

<h2>Harmonisant et revitalisant - Crème de jour au trèfle porte-bonheur</h2>
<p>Cette crème hydratante et légère à l'huile végétale naturelle pénètre rapidement et prend soin de notre peau sans l'alourdir. La vitamine A pure et les précieuses essences de trèfle rouge ont un effet harmonisant et renforcent les défenses naturelles de la peau. Elle est sensiblement plus souple et plus douce au toucher.</p>
<h2>Acheter des cosmétiques naturels</h2>
<p>Les extraits de plantes bio utilisés sont certifiés EcoControl.</p>
<p><strong>Remarque :</strong> Commandez la crème de jour et la crème de nuit Trèfle à quatre feuilles dans un set avantageux.</p>
<p><em><b><strong> </strong></b></em></p>
<p class="bodytext"><em> </em></p>

<p>La crème de jour au trèfle porte-bonheur est une crème hydratante et légère à base d'huile végétale naturelle. Elle est rapidement absorbée et les différents ingrédients vitalisants renforcent la résistance de la peau.</p>
